the greatest common divisor of 24 and 4812?
12
Calculate the highest common factor of 133 and 475.
19
What is the greatest common factor of 22 and 99?
11
What is the greatest common factor of 58 and 2958?
58
What is the highest common divisor of 258 and 25671?
129
Calculate the greatest common factor of 8 and 2824.
8
Calculate the greatest common factor of 63 and 49.
7
Calculate the greatest common factor of 20164 and 213.
71
What is the highest common divisor of 4640 and 400?
80
Calculate the highest common factor of 806 and 1519.
31
Calculate the greatest common divisor of 640 and 1520.
80
Calculate the highest common divisor of 99 and 253.
11
Calculate the greatest common factor of 42 and 48.
6
Calculate the greatest common divisor of 182 and 224.
14
What is the greatest common divisor of 28 and 2394?
14
Calculate the greatest common factor of 90 and 81.
9
Calculate the highest common factor of 128 and 1136.
16
Calculate the greatest common factor of 34 and 11203.
17
What is the greatest common divisor of 55 and 88?
11
Calculate the highest common factor of 168 and 56.
56
What is the highest common divisor of 836 and 66?
22
What is the highest common factor of 80 and 2410?
10
What is the highest common divisor of 25 and 15?
5
What is the highest common divisor of 60 and 10740?
60
What is the highest common factor of 4182 and 205?
41
Calculate the greatest common divisor of 165 and 10.
5
Calculate the greatest common factor of 23 and 3611.
23
Calculate the highest common factor of 77 and 63.
7
What is the highest common factor of 51 and 90627?
51
Calculate the greatest common divisor of 27 and 1557.
9
Calculate the greatest common factor of 2331 and 8325.
333
What is the highest common divisor of 460 and 25?
5
Calculate the greatest common divisor of 26 and 4043.
13
Calculate the highest common divisor of 57 and 3.
3
What is the highest common divisor of 266 and 42?
14
What is the greatest common divisor of 265 and 689?
53
Calculate the highest common factor of 81 and 801.
9
Calculate the greatest common factor of 413 and 441.
7
What is the greatest common divisor of 128 and 9920?
64
Calculate the greatest common factor of 1152 and 2048.
128
What is the greatest common factor of 1944 and 8?
8
Calculate the highest common factor of 2884 and 28.
28
What is the highest common factor of 121 and 2783?
121
What is the greatest common divisor of 54 and 24?
6
What is the greatest common divisor of 19 and 1919?
19
What is the highest common divisor of 195 and 312?
39
Calculate the highest common divisor of 5655 and 3120.
195
Calculate the greatest common divisor of 824 and 16.
8
What is the greatest common factor of 2 and 134?
2
What is the greatest common divisor of 495 and 385?
55
Calculate the highest common divisor of 6909 and 168.
21
Calculate the greatest common factor of 14 and 14.
14
What is the highest common divisor of 785 and 157?
157
What is the greatest common divisor of 30 and 375?
15
What is the highest common factor of 2475 and 11?
11
What is the greatest common factor of 35 and 280?
35
What is the highest common factor of 8 and 180?
4
What is the highest common divisor of 3397 and 43?
43
What is the highest common factor of 52 and 1833?
13
Calculate the greatest common factor of 52 and 676.
52
What is the highest common factor of 800 and 160?
160
What is the highest common factor of 44 and 2662?
22
Calculate the highest common divisor of 2301 and 118.
59
What is the greatest common divisor of 11502 and 486?
162
Calculate the greatest common factor of 36 and 72306.
18
Calculate the highest common divisor of 171 and 54.
9
What is the greatest common divisor of 118 and 472?
118
Calculate the highest common factor of 3072 and 72.
24
What is the highest common divisor of 144 and 1152?
144
Calculate the highest common factor of 705 and 30.
15
What is the greatest common factor of 178 and 2?
2
Calculate the greatest common divisor of 3712 and 29.
29
What is the highest common divisor of 423 and 9?
9
Calculate the highest common factor of 76 and 798.
38
Calculate the greatest common factor of 160 and 1088.
32
Calculate the highest common divisor of 140 and 9170.
70
Calculate the highest common factor of 18 and 14.
2
What is the greatest common divisor of 63 and 77?
7
What is the highest common divisor of 374 and 714?
34
What is the greatest common factor of 17615 and 91?
13
Calculate the greatest common divisor of 28 and 620.
4
What is the greatest common factor of 826 and 266?
14
What is the highest common divisor of 18 and 3270?
6
Calculate the highest common divisor of 684 and 1476.
36
Calculate the greatest common divisor of 777 and 21.
21
What is the greatest common factor of 21 and 12873?
21
Calculate the greatest common factor of 75 and 120.
15
What is the greatest common divisor of 63 and 18?
9
What is the greatest common divisor of 7 and 133?
7
What is the highest common divisor of 2004 and 12?
12
What is the highest common divisor of 80 and 130?
10
Calculate the greatest common divisor of 6456 and 60.
12
What is the greatest common divisor of 308 and 9317?
77
Calculate the greatest common factor of 75 and 9.
3
What is the greatest common factor of 1872 and 612?
36
Calculate the greatest common divisor of 4 and 29.
1
Calculate the highest common factor of 19 and 589.
19
Calculate the highest common divisor of 5371 and 82.
41
Calculate the highest common divisor of 106 and 1166.
106
Calculate the highest common factor of 237 and 395.
79
Calculate the highest common divisor of 760 and 80.
40
What is the greatest common divisor of 32 and 1968?
16
What is the highest common factor of 644 and 68?
4
What is the highest common factor of 1628 and 518?
74
Calculate the highest common divisor of 47 and 1.
1
Calculate the greatest common factor of 51 and 119.
17
Calculate the greatest common divisor of 114 and 152.
38
What is the highest common divisor of 4466 and 242?
22
Calculate the greatest common factor of 30 and 366.
6
What is the greatest common factor of 785 and 5?
5
Calculate the highest common divisor of 72 and 648.
72
What is the highest common factor of 105 and 42?
21
What is the greatest common divisor of 8303 and 92?
23
What is the highest common factor of 154 and 56?
14
Calculate the greatest common divisor of 1080 and 40.
40
What is the greatest common divisor of 272 and 400?
16
Calculate the highest common factor of 1360 and 27540.
340
Calculate the highest common factor of 175 and 140.
35
Calculate the highest common divisor of 30701 and 22.
11
What is the greatest common factor of 3965 and 65?
65
What is the highest common factor of 1702 and 46?
46
Calculate the greatest common factor of 41 and 11.
1
What is the greatest common divisor of 2628 and 342?
18
What is the highest common factor of 820 and 16195?
205
What is the highest common divisor of 2238 and 12?
6
Calculate the greatest common divisor of 105 and 15.
15
Calculate the highest common divisor of 80 and 6110.
10
What is the highest common divisor of 36 and 4770?
18
What is the greatest common factor of 354 and 540?
6
What is the highest common divisor of 2 and 925?
1
What is the highest common factor of 2510 and 670?
10
Calculate the highest common factor of 105 and 336.
21
Calculate the highest common factor of 56 and 322.
14
What is the highest common divisor of 184 and 312?
8
What is the highest common factor of 243 and 36?
9
Calculate the highest common divisor of 212 and 530.
106
What is the highest common divisor of 7 and 875?
7
What is the greatest common factor of 12 and 2028?
12
What is the highest common factor of 12 and 8076?
12
Calculate the highest common divisor of 40 and 10.
10
What is the greatest common divisor of 20 and 180?
20
What is the greatest common divisor of 1436 and 4?
4
Calculate the greatest common divisor of 60 and 1660.
20
What is the greatest common factor of 2542 and 2624?
82
Calculate the greatest common divisor of 27 and 513.
27
What is the greatest common divisor of 305 and 35?
5
Calculate the highest common divisor of 160 and 15.
5
What is the greatest common divisor of 5 and 35?
5
Calculate the greatest common factor of 57 and 3.
3
Calculate the highest common divisor of 5 and 85.
5
Calculate the greatest common factor of 